ine w(-4).
-26
Let r(v) = 3*v - 69. Determine r(25).
6
Let s(t) = t + 5. Calculate s(-4).
1
Let i(y) = -y**2 - 5*y - 11. What is i(-4)?
-7
Let y(q) = 2*q - 1. Calculate y(-6).
-13
Let p(w) = 3*w**2 + 8*w - 12. Calculate p(2).
16
Let l(j) = 3*j - 22. Calculate l(9).
5
Let z(x) = x - 2. Give z(-2).
-4
Let g(o) = -o**3 - 12*o**2 - 10*o + 11. Determine g(-11).
0
Let m(t) = -t - 75. What is m(-37)?
-38
Let i(u) = -4*u**2 - 23*u - 23. Determine i(-4).
5
Let v(n) = -n**3 - 24*n**2 - 95*n. Give v(-19).
0
Let l(v) = v**2 + 6*v + 5. Calculate l(-4).
-3
Let b(h) = -h**2 - 41*h - 46. Give b(-40).
-6
Let j(g) = 4*g - 17. Give j(4).
-1
Let j(p) = p + 7. Calculate j(5).
12
Let h(r) = -9*r + 59. Calculate h(8).
-13
Let s(v) = -41*v + 574. Determine s(14).
0
Let d(w) = -3*w**3. What is d(-2)?
24
Let o(w) = 4*w - 8. Determine o(-7).
-36
Let l(x) = 2*x + 16. What is l(-16)?
-16
Let s(d) = -2*d - 77. Give s(-6).
-65
Let t(b) = 2*b**2 - 8*b + 12. Determine t(5).
22
Let j(a) = -3*a + 15. Determine j(7).
-6
Let w(u) = -17*u**3 - 2*u + 1. Give w(1).
-18
Let n(p) = -34*p + 175. What is n(5)?
5
Let i(q) = 34*q + 232. What is i(-7)?
-6
Let p(x) = 4*x**3 + 2*x**2 + 8*x - 12. What is p(1)?
2
Let v(a) = -97*a + 666. Calculate v(7).
-13
Let d(r) = -7*r - 26. What is d(6)?
-68
Let o(v) = -v**2 - 11*v - 8. Calculate o(-9).
10
Let h(v) = 4*v**2. Calculate h(-3).
36
Let u(m) = -6*m**2 + 4*m + 2. Give u(-1).
-8
Let k(t) = t**2 + 14*t + 24. Give k(-12).
0
Let z(n) = n**2 - 29*n + 106. Calculate z(7).
-48
Let l(b) = 15*b**3 + b**2 - 1. What is l(-1)?
-15
Let b(j) = -j**2 + 15*j + 99. Give b(20).
-1
Let i(u) = -19*u - 134. Determine i(-6).
-20
Let i(s) = -s**2 - 7*s + 6. Determine i(-9).
-12
Let w(m) = -m**2 - m + 3. Calculate w(-3).
-3
Let q(t) = -4*t - 43. What is q(-15)?
17
Let h(d) = -d**3 - d - 21. Calculate h(0).
-21
Let r(g) = -3*g + 65. Give r(20).
5
Let l(b) = b + 56. Calculate l(-18).
38
Let q(h) = -h**2 + 19*h - 52. What is q(15)?
8
Let f(s) = -s**3 - s**2 + 12*s + 6. Determine f(-4).
6
Let w(d) = 6*d**3 + d**2 + d + 1. Give w(-1).
-5
Let r(f) = -f**3 - 8*f**2 + f - 4. What is r(-8)?
-12
Let s(l) = 4*l**2 - 26*l + 11. Give s(7).
25
Let d(f) = -4*f**2 - f - 2. What is d(2)?
-20
Let y(f) = f**3 + 13*f**2 + 13*f + 53. What is y(-12)?
41
Let l(n) = -n**3 + 3*n**2 + 4*n + 6. What is l(4)?
6
Let p(z) = 2*z**3 + z**2 - 2*z - 3. What is p(-2)?
-11
Let z(f) = -5*f - 54. Determine z(-13).
11
Let l(h) = -8*h**3 + 4*h**2 - 4*h + 3. Give l(2).
-53
Let i(c) = -20*c - 205. Give i(-10).
-5
Let w(x) = -x - 14. Give w(-7).
-7
Let f(j) = -j**2 - 7*j - 22. Calculate f(-5).
-12
Let r(s) = -32*s**2 - 14*s - 15. Give r(-1).
-33
Let x(p) = -p**3 - p**2 + 6*p - 7. Determine x(-4).
17
Let h(z) = -3*z - 22. Determine h(-12).
14
Let l(h) = -2*h**2 - 20*h - 46. Determine l(-7).
-4
Let m(u) = u**3 + 3*u**2 - 3. Calculate m(-4).
-19
Let f(p) = p**3 + 7*p**2 + 7*p + 3. Determine f(-6).
-3
Let f(s) = s**3 + 26*s**2 - s + 36. Calculate f(-26).
62
Let s(f) = f**2 + 21*f - 62. What is s(-23)?
-16
Let q(d) = -3*d**3 + 10*d**2 + 6*d - 9. Determine q(4).
-17
Let l(d) = d**3 - 15*d**2 - 20. Give l(15).
-20
Let n(i) = -i**3 - 13*i**2 - i + 19. Determine n(-13).
32
Let q(y) = -y**2 + 13*y + 11. Determine q(13).
11
Let z(j) = 2*j**2 + 19*j + 6. Determine z(-9).
-3
Let n(z) = z**2 - 9*z - 75. Calculate n(-5).
-5
Let g(c) = 2*c**2 + 29*c + 96. Determine g(-10).
6
Let l(v) = 4*v + 2. Calculate l(-3).
-10
Let w(m) = -m**2 + 18*m + 133. Determine w(-7).
-42
Let q(l) = l**3 - l**2 - 2*l - 5. Calculate q(5).
85
Let b(t) = t**2 + 2*t - 7. Determine b(-3).
-4
Let t(m) = -m**3 + 10*m**2 + m - 11. What is t(10)?
-1
Let q(y) = y**3 - 7*y**2 + 8*y. Calculate q(5).
-10
Let i(f) = 13*f**2 - 1. Determine i(1).
12
Let q(v) = 7*v**2 + 11*v + 40. What is q(-3)?
70
Let g(y) = -3*y - 19. Calculate g(-15).
26
Let c(l) = -184*l - 549. Determine c(-3).
3
Let w(v) = -v**2 + 11*v - 7. Give w(11).
-7
Let p(h) = 3*h + 3. What is p(2)?
9
Let d(m) = m**3 - 9*m**2 + 8*m. Give d(5).
-60
Let p(j) = -2*j**3 + j**2 - j - 3. Calculate p(0).
-3
Let o(t) = -7*t + 33. Determine o(5).
-2
Let d(j) = -j**3 + 11*j**2 + 9*j - 2. What is d(12)?
-38
Let a(d) = d**3 + 6*d**2 + 6*d + 3. What is a(-4)?
11
Let v(j) = 20*j + 74. Give v(-7).
-66
Let w(s) = s**3 + 2*s**2 + 7*s + 15. Give w(-2).
1
Let i(u) = 35*u + 521. Give i(-15).
-4
Let r(k) = 2*k + 26. Calculate r(-17).
-8
Let c(p) = 2*p**3 + 11*p**2 - 3*p + 15. Determine c(-6).
-3
Let x(t) = -t**3 + 5*t**2 + 2*t + 6. Determine x(5).
16
Let y(g) = -g**3 - 10*g**2 - 3*g - 23. Calculate y(-10).
7
Let k(h) = 28*h - 2. Give k(1).
26
Let d(g) = g**3 + 6*g**2 - 110*g + 25. What is d(-14)?
-3
Let t(u) = u**3 + 3*u**2 - 10*u - 6. Calculate t(-5).
-6
Let t(y) = -y**3 - 9*y**2 - 11*y - 16. What is t(-8)?
8
Let f(m) = -2*m + 12. Give f(0).
12
Let s(k) = -k**3 + k - 7. Determine s(0).
-7
Let k(m) = 2*m**3 + 42*m**2 + 39*m + 24. Determine k(-20).
44
Let k(r) = 4*r**2 - 4*r + 7. Calculate k(2).
15
Let i(b) = 3*b**2 - b. Determine i(-1).
4
Let a(t) = -7*t - 233. What is a(-36)?
19
Let g(o) = -30*o - 22. Determine g(0).
-22
Let h(f) = f**2 + 8*f + 25. Calculate h(-5).
10
Let a(l) = l**3 + 13*l**2 + 39*l + 1. Calculate a(-9).
-26
Let w(l) = 13*l**2 - 2*l - 3. Calculate w(-2).
53
Let q(p) = -4*p + 14. What is q(4)?
-2
Let f(i) = 6*i - 28. Calculate f(4).
-4
Let c(f) = -f**2 + 12*f - 2. What is c(5)?
33
Let j(l) = l**3 - 8*l**2 + 11*l - 12. Calculate j(7).
16
Let r(s) = -s**3 + 18*s**2 - s - 17. Calculate r(18).
-35
Let l(y) = -y**2 - 2*y + 11. What is l(5)?
-24
Let q(b) = -b**2 + 11*b - 25. Determine q(5).
5
Let c(u) = -43*u. Calculate c(0).
0
Let x(q) = -q**2 - 17*q - 36. What is x(-12)?
24
Let x(d) = 3*d**3 - 25*d**2 + 51*d + 3. Give x(4).
-1
Let z(u) = -53*u - 1. Determine z(-1).
52
Let c(o) = -o**2 + 2*o + 41. Determine c(8).
-7
Let w(i) = -i**3 - 36*i**2 + 39*i + 67. What is w(-37)?
-7
Let l(g) = -5*g**2 - 41*g - 58. Calculate l(-6).
8
Let z(u) = u**3 - 4*u**2 + 3*u - 2. What is z(4)?
10
Let b(p) = p**3 + 6*p**2 - 2*p - 3. Determine b(-7).
-38
Let g(d) = -d**2 - 8*d + 8. What is g(-7)?
15
Let r(c) = 26*c - 64. Calculate r(3).
14
Let l(h) = h**3 + 6*h**2 + 3*h. Determine l(-2).
10
Let f(o) = -3*o + 90. Determine f(32).
-6
Let h(i) = -i**2 - 8*i - 20. Determine h(-5).
-5
Let s(c) = 135*c - 3. What is s(1)?
132
Let i(y) = 5*y**2 - 3*y + 11. Determine i(3).
47
Let l(i) = i**2 + 2*i - 1. Give l(-6).
23
Let f(r) = r**2 + 11*r + 34. Calculate f(-7).
6
Let w(r) = -r**3 + 5*r**2 + 13*r - 8. Determine w(7).
-15
Let h(n) = -2*n**3 + 118*n**2 - 2*n + 110. Determine h(59).
-8
Let a(s) = 3*s + 2. Give a(2).
8
Let n(o) = o**2 - 14*o - 11. What is n(15)?
4
Let d(o) = 29*o**3 - o. What is d(1)?
28
Let o(q) = -q**3 - 5*q**2 - 2*q - 5. What is o(-6)?
43
Let p(x) = -2*x**3 + x - 1. Give p(2).
-15
Let x(j) = -2*j**2 + 6*j + 40. Give x(6).
4
Let t(m) = -2*m**2 + m - 2. Calculate t(3).
-17
Let v(o) = o**3 - 3*o**2 - 2*o + 2. What is v(4)?
10
Let g(m) = -m**2 + 5*m + 5. Give g(7).
-9
Let n(m) = -5*m + 6. What is n(3)?
-9
Let q(g) = g**2 + 2*g - 27. Give q(-6).
-3
Let y(i) = i**3 + 5*i**2 + 2*i - 1. What is y(-3)?
11
Let u(m) = 4*m - 63. What is u(21)?
21
Let h(v) = -v + 9. Determine h(11).
-2
Let a(u) = -u**3 - 13*u**2 + 17*u + 47. Give a(-14).
5
Let x(t) = -t**2 + 18*t - 52. Give x(14).
4
Let v(b) = -28*b + 14. Give v(-3).
98
Let l(j) = -j**2 - 3*j + 61. Determine l(-10).
-9
Let h(c) = -2*c**3 + 14*c**2 - 2*c + 8. Determine h(7).
-6
Let y(b) = -2*b**3 + 2*b + 1. Determine y(2).
-11
Let z(a) = 2*a**3 - 39*a**2 + 16*a + 61. Calculate z(19).
4
Let j(z) = -z - 13. Calculate j(-7).
-6
Let n(o) = 4*o**2 + 3*o + 4. Determine n(-3).
31
Let k(p) = p**3 + 3*p**2 + 3. Determine k(-3).
3
Let c(t) = -7*t + 127. What is c(20)?
-13
Let c(v) = v**2 + 18*v + 33. Calculate c(-16).
1
Let r(q) = q**3 - q**2 - 5*q + 44. Calculate r(0).
44
Let t(k) = -k**2 - 25*k - 16. Calculate t(-23).
30
Let f(g) = 7*g + 40. Calculate f(-6).
-2
Let g(v) = -v**2 - 6*v + 12. Determine g(-5).
17
Let d(f) = 242*f + 240. Calculate d(-1).
-2
Let f(m) = 3*m - 12. Calculate f(8).
12
Let g(b) = -3*b + 27. Determine g(18).
-27
Let p(z) = 2*z + 2. What is p(-5)?
-8
Let a(s) = s**3 + 2*s**2 - 18*s - 8. What is a(-5)?
7
Let k(x) = -x**3 + 19*x**2 - 18*x + 8. What is k(18)?
8
Let h(o) = -51*o